11001110 (base 2) to base 7
20532
Convert 321310 (base 4) to base 8.
7164
What is -6646 (base 8) in base 13?
-178a
d0 (base 16) to base 7
415
-204 (base 8) to base 9
-156
What is 607 (base 9) in base 10?
493
-10077 (base 9) to base 4
-1213213
Convert -1065 (base 11) to base 7.
-4042
-7123 (base 9) to base 11
-3a02
-95ee (base 16) to base 11
-26923
Convert 592 (base 16) to base 9.
1854
-130122 (base 5) to base 12
-2ab9
What is -3650 (base 14) in base 11?
-7137
Convert -101011100001100 (base 2) to base 3.
-1010120100
Convert -51670 (base 9) to base 14.
-c5c7
43230 (base 7) to base 5
321002
What is -232 (base 6) in base 7?
-161
What is -453 (base 11) in base 12?
-392
-248 (base 11) to base 13
-198
What is -64b (base 13) in base 3?
-1110220
Convert 1101110001 (base 2) to base 14.
46d
3321013 (base 4) to base 15
4acd
1503 (base 7) to base 15
296
1010000011 (base 2) to base 10
643
Convert 10000101111111 (base 2) to base 9.
12677
-60b8 (base 13) to base 6
-141421
Convert 464 (base 9) to base 14.
1d4
-245 (base 12) to base 9
-418
-34361 (base 7) to base 15
-28e5
What is -9b (base 12) in base 2?
-1110111
Convert -6292 (base 12) to base 6.
-121502
1e (base 16) to base 14
22
What is 83aa (base 16) in base 13?
1245a
What is -10775 (base 9) in base 13?
-3377
Convert -88 (base 9) to base 8.
-120
Convert 30471 (base 8) to base 4.
3010321
-28d (base 16) to base 4
-22031
What is 21101 (base 4) in base 7?
1505
What is 11107 (base 9) in base 10?
7378
Convert -2552 (base 10) to base 11.
-1a10
Convert -1122230 (base 4) to base 10.
-5804
Convert 354555 (base 7) to base 15.
13ec3
30045 (base 7) to base 2
1110001000100
What is -1012221211 (base 3) in base 8?
-56731
What is -5c26 (base 14) in base 13?
-743c
What is -476 (base 11) in base 2?
-1000110111
Convert -527 (base 11) to base 9.
-774
What is 1001000101 (base 3) in base 13?
93ac
What is 21 (base 14) in base 12?
25
Convert 110101 (base 3) to base 13.
1c9
Convert 162 (base 11) to base 13.
117
Convert 18a8 (base 12) to base 5.
44013
What is -1200230 (base 4) in base 14?
-2380
98b (base 15) to base 14
b00
-14001 (base 12) to base 14
-a10d
Convert -1053 (base 13) to base 7.
-6414
Convert -4787 (base 9) to base 7.
-13246
3132 (base 8) to base 14
842
Convert -666 (base 9) to base 15.
-266
Convert 16b3 (base 12) to base 15.
c1c
What is 3857 (base 10) in base 11?
2997
What is -36545 (base 7) in base 15?
-2c5e
Convert -2bc8 (base 14) to base 12.
-4638
Convert -1115 (base 8) to base 12.
-411
Convert -3301 (base 7) to base 10.
-1177
6646 (base 9) to base 6
34410
Convert -304 (base 5) to base 10.
-79
Convert -7067 (base 9) to base 12.
-2ba4
What is 49a8 (base 12) in base 16?
2090
What is 821e (base 15) in base 16?
6b57
Convert 33220 (base 4) to base 16.
3e8
16186 (base 9) to base 7
44226
2656 (base 7) to base 10
1021
Convert -3c69 (base 13) to base 5.
-234311
Convert -1388 (base 11) to base 15.
-7e5
What is -57ab (base 12) in base 15?
-2d6e
Convert -10101110001100 (base 2) to base 3.
-120021220
1224a (base 13) to base 2
1000001001001011
4374 (base 10) to base 5
114444
Convert 111110000010 (base 2) to base 16.
f82
What is -19883 (base 11) in base 3?
-1101222011
What is 1100101 (base 3) in base 9?
1311
Convert -23123 (base 4) to base 12.
-50b
What is 21430 (base 5) in base 3?
2001012
Convert -1220 (base 6) to base 5.
-2200
Convert -6a2 (base 13) to base 7.
-3225
Convert 38b4 (base 16) to base 12.
8498
What is -10022120 (base 3) in base 8?
-4562
What is 1200100 (base 4) in base 7?
23650
What is -b868 (base 13) in base 7?
-134436
6613 (base 7) to base 4
210322
What is -144 (base 9) in base 11?
-100
What is -1133 (base 7) in base 8?
-640
What is 3013 (base 4) in base 2?
11000111
What is -1010001000101 (base 2) in base 8?
-12105
What is -1166 (base 10) in base 11?
-970
2211212 (base 3) to base 15
935
Convert 2122121020 (base 3) to base 8.
145745
What is 656 (base 11) in base 15?
377
-12b0b (base 13) to base 10
-34825
Convert 551245 (base 6) to base 12.
22525
What is -5615 (base 8) in base 9?
-4045
What is 1 (base 13) in base 16?
1
20012310 (base 4) to base 11
22a46
What is 1594 (base 11) in base 16?
7f7
Convert -2424344 (base 5) to base 4.
-23020133
Convert -dae (base 15) to base 13.
-1538
-1b0a (base 12) to base 14
-12d4
Convert 125 (base 13) to base 2.
11001000
333 (base 7) to base 2
10101011
What is -128 (base 13) in base 9?
-245
10060 (base 8) to base 7
15040
Convert -13e (base 16) to base 5.
-2233
What is 16105 (base 8) in base 2?
1110001000101
-2224 (base 8) to base 14
-5da
-6263 (base 8) to base 2
-110010110011
What is 73444 (base 9) in base 14?
1394a
Convert -2518 (base 11) to base 7.
-12403
What is 12231320 (base 4) in base 13?
c6a4
What is 1019 (base 10) in base 16?
3fb
Convert 3204 (base 11) to base 15.
13c9
Convert -25f1 (base 16) to base 14.
-377b
What is -111101011 (base 2) in base 11?
-407
-258 (base 13) to base 4
-12123
100220 (base 4) to base 3
1110102
Convert -2233112 (base 5) to base 7.
-223661
Convert c654 (base 13) to base 3.
1101122120
Convert 1121220 (base 4) to base 6.
42320
What is -26315 (base 7) in base 10?
-7019
-1001111001001001 (base 2) to base 15
-c016
-13153 (base 6) to base 9
-2676
-353 (base 7) to base 4
-2321
What is -4013344 (base 5) in base 12?
-3097b
What is 4c5 (base 15) in base 4?
100331
What is -271a (base 13) in base 16?
-15e0
What is 390 (base 10) in base 11?
325
What is 63541 (base 9) in base 6?
522231
What is -132312 (base 4) in base 9?
-2633
What is -226 (base 7) in base 16?
-76
Convert -10033 (base 5) to base 16.
-283
8b (base 13) to base 8
163
13202 (base 4) to base 5
3412
-2120 (base 3) to base 6
-153
Convert 3c42 (base 14) to base 8.
24622
11 (base 10) to base 12
b
What is -1011101000 (base 2) in base 7?
-2112
Convert 206 (base 7) to base 15.
6e
-1111101101 (base 2) to base 4
-33231
-11437 (base 9) to base 13
-3634
Convert -2010220 (base 3) to base 15.
-6e3
-3282 (base 9) to base 4
-211313
What is -20123 (base 4) in base 11?
-450
-3c1c (base 16) to base 5
-443023
What is 333232 (base 4) in base 2?
111111101110
-4517 (base 8) to base 7
-6643
Convert aa12 (base 14) to base 8.
71350
-5402 (base 7) to base 11
-148a
Convert 2212102111 (base 3) to base 15.
11acd
-100110000110 (base 2) to base 9
-3308
What is -b1 (base 16) in base 14?
-c9
Convert 97a (base 14) to base 3.
2120100
114026 (base 7) to base 2
101000001111000
-10001000011110 (base 2) to base 6
-104234
Convert -10203 (base 4) to base 16.
-123
What is -b81 (base 16) in base 13?
-1457
What is 63a (base 16) in base 12?
b0a
What is -20410 (base 5) in base 13?
-803
Convert 5e60 (base 15) to base 5.
1120430
Convert 72d2 (base 16) to base 9.
44280
Convert -3073 (base 8) to base 14.
-81d
What is -7 (base 11) in base 5?
-12
What is -8557 (base 10) in base 2?
-10000101101101
41d7 (base 14) to base 16
2c61
Convert -1122212 (base 3) to base 14.
-627
Convert -dc (base 16) to base 14.
-11a
What is -1293 (base 15) in base 7?
-14361
-751 (base 14) to base 12
-a03
-14536 (base 8) to base 11
-4974
75a3 (base 12) to base 8
31213
What is 220d (base 15) in base 8?
16055
What is 100202101 (base 3) in base 4?
1233013
Convert -3074 (base 9) to base 7.
-6400
Convert -1100101001011111 (base 2) to base 3.
-2122001210
What is 100002101 (base 3) in base 6?
50401
What is 101000001 (base 2) in base 3?
102220
What is 1111010111 (base 2) in base 11?
814
What is 161520 (base 7) in base 12?
164b3
2732 (base 8) to base 4
113122
What is -74256 (base 8) in base 14?
-b38a
Convert 11000111000 (base 2) to base 16.
638
What is 20001 (base 4) in base 16?
201
Convert -1513 (base 7) to base 15.
-29d
-210421 (base 6) to base 13
-7981
What is 3990 (base 16) in base 9?
22183
What is -153 (base 13) in base 14?
-12d
What is -10000 (base 4) in base 11?
-213
What is -1030032 (base 4) in base 13?
-22b3
-a05b (base 12) to base 7
-101405
-3012 (base 5) to base 3
-112011
Convert -101101100101 (base 2) to base 3.
-11000001
What is -30713 (base 9) in base 13?
-92b8
Convert -2499 (base 16) to base 4.
-2102121
What is 2805 (base 13) in base 6?
42343
What is -1010001221 (base 3) in base 15?
-6767
What is 221250 (base 6) in base 10?
18462
What is -22200 (base 3) in base 15?
-109
Convert -100010001110101 (base 2) to base 4.
-10101311
Convert 311320 (base 4) to base 5.
102243
Convert -3